{"id":41,"date":"2020-01-12T14:03:09","date_gmt":"2020-01-12T14:03:09","guid":{"rendered":"https:\/\/wachsenundwerden.com\/?page_id=41"},"modified":"2024-11-13T07:21:53","modified_gmt":"2024-11-13T07:21:53","slug":"wissenswertes","status":"publish","type":"page","link":"https:\/\/wachsenundwerden.com\/index.php\/wissenswertes\/","title":{"rendered":"Wissenswertes"},"content":{"rendered":"\n<p>Dauer einer Therapie-\/Beratungsstunde betr\u00e4gt 50 Minuten.<\/p>\n\n\n\n<h4 class=\"wp-block-heading\">Erstgespr\u00e4ch<\/h4>\n\n\n\n<p>Dient dem gegenseitigen Kennenlernen und dem Kl\u00e4ren, ob und in welchem Rahmen eine weitere gemeinsame Zusammenarbeit angestrebt wird. In der Regel dauert es 50 Minuten. <br><\/p>\n\n\n\n<h4 class=\"wp-block-heading\">Honorar<\/h4>\n\n\n\n<p>Mein Honorarsatz wird, sofern nicht anders vereinbart, am Ende jeden Monats in Rechnung gestellt. Es besteht die M\u00f6glichkeit einer Teilrefundierung durch die Sozialversicherung. Ein m\u00f6glicher reduzierter Tarif auf Grund eines geringen Einkommens wird im Erstgespr\u00e4ch gekl\u00e4rt.<\/p>\n\n\n\n<p><\/p>\n\n\n\n<h4 class=\"wp-block-heading\">Verschwiegenheitspflicht<\/h4>\n\n\n\n<p>Als Psychotherapeutin bin ich zur Verschwiegenheit \u00fcber&nbsp;Inhalt, Daten und Vereinbarungen verpflichtet. Ausgenommen sind akute Selbst- und\/oder Fremdgef\u00e4hrdung der Klientin\/des Klienten.<br><\/p>\n\n\n\n<h4 class=\"wp-block-heading\">Absage von vereinbarten Terminen<\/h4>\n\n\n\n<p>Ich ersuche bei Terminverhinderung diesen bis sp\u00e4testens 24h vorher abzusagen. Ich bitte um Verst\u00e4ndnis, dass bei kurzfristigeren Absagen der Honorarsatz verrechnet wird.<br><\/p>\n","protected":false},"excerpt":{"rendered":"<p>Dauer einer Therapie-\/Beratungsstunde betr\u00e4gt 50 Minuten. Erstgespr\u00e4ch Dient dem gegenseitigen Kennenlernen und dem Kl\u00e4ren, ob und in welchem Rahmen eine weitere gemeinsame Zusammenarbeit angestrebt wird. In der Regel dauert es 50 Minuten. Honorar Mein Honorarsatz wird, sofern nicht anders vereinbart, am Ende jeden Monats in Rechnung gestellt. Es besteht die M\u00f6glichkeit einer Teilrefundierung durch die &hellip; <\/p>\n","protected":false},"author":1,"featured_media":0,"parent":0,"menu_order":0,"comment_status":"closed","ping_status":"closed","template":"","meta":{"footnotes":""},"_links":{"self":[{"href":"https:\/\/wachsenundwerden.com\/index.php\/wp-json\/wp\/v2\/pages\/41"}],"collection":[{"href":"https:\/\/wachsenundwerden.com\/index.php\/wp-json\/wp\/v2\/pages"}],"about":[{"href":"https:\/\/wachsenundwerden.com\/index.php\/wp-json\/wp\/v2\/types\/page"}],"author":[{"embeddable":true,"href":"https:\/\/wachsenundwerden.com\/index.php\/wp-json\/wp\/v2\/users\/1"}],"replies":[{"embeddable":true,"href":"https:\/\/wachsenundwerden.com\/index.php\/wp-json\/wp\/v2\/comments?post=41"}],"version-history":[{"count":14,"href":"https:\/\/wachsenundwerden.com\/index.php\/wp-json\/wp\/v2\/pages\/41\/revisions"}],"predecessor-version":[{"id":291,"href":"https:\/\/wachsenundwerden.com\/index.php\/wp-json\/wp\/v2\/pages\/41\/revisions\/291"}],"wp:attachment":[{"href":"https:\/\/wachsenundwerden.com\/index.php\/wp-json\/wp\/v2\/media?parent=41"}],"curies":[{"name":"wp","href":"https:\/\/api.w.org\/{rel}","templated":true}]}}