{"id":39,"date":"2020-01-12T14:03:09","date_gmt":"2020-01-12T14:03:09","guid":{"rendered":"https:\/\/wachsenundwerden.com\/?page_id=39"},"modified":"2020-01-22T10:55:43","modified_gmt":"2020-01-22T10:55:43","slug":"b-b-t","status":"publish","type":"page","link":"https:\/\/wachsenundwerden.com\/index.php\/b-b-t\/","title":{"rendered":"B.B.T."},"content":{"rendered":"\n<p>B.B.T. steht f\u00fcr \u201eBindungsbasierte Beratung und Therapie\u201c. Diese Methode wurde von Prof. Dr. med. Karl Heinz Brisch entwickelt und findet in der<br>S\u00e4uglings-, Kinder\/Jugend- und Erwachsenenberatung und Therapie Anwendung.<br>B.B.T. bietet Unterst\u00fctzung:<\/p>\n\n\n\n<ul><li>beim Aufbau einer sicheren Bindung zu ihrem Kind (Kinderwunsch, Schwangerschaft, Geburt, erste Lebensjahre)<\/li><li>nach traumatischen Erfahrungen vor-\/w\u00e4hrend-\/nach der Geburt (Tod einer nahestehenden Person, Komplikationen in der Schwangerschaft, &#8230;)<\/li><li>nach Fr\u00fchgeburt, Kaiserschnitt oder schwerer Geburt, vorangegangenen Fehlgeburten<\/li><li>wenn ihr Kind ohne erkennbaren medizinischen Grund \u00fcberm\u00e4\u00dfig viel weint<\/li><li>im feinf\u00fchligen Umgang mit ihrem Kind (aller Altersstufen) und seinen Emotionen (Freude, Angst, Wut, Aggression, Trauer, \u2026)<\/li><li>bei Unsicherheit in der Erziehung<\/li><li>bei Trennung der Eltern<\/li><li>bei Krankenhausaufenthalten von Mutter, Vater oder Kind<\/li><li>bei Adoptiv- und Pflegekindern<\/li><li>in schwierigen Phasen: Schlafschwierigkeiten, F\u00fctterprobleme, \u2026<\/li><li>in Krisen- und Stresssituationen<\/li><li>in der Auseinandersetzung mit den eigenen Bindungserfahrungen als Erwachsener<\/li><li>in der Paarbeziehung<\/li><\/ul>\n\n\n\n<p><\/p>\n","protected":false},"excerpt":{"rendered":"<p>B.B.T. steht f\u00fcr \u201eBindungsbasierte Beratung und Therapie\u201c. Diese Methode wurde von Prof. Dr. med. Karl Heinz Brisch entwickelt und findet in derS\u00e4uglings-, Kinder\/Jugend- und Erwachsenenberatung und Therapie Anwendung.B.B.T. bietet Unterst\u00fctzung: beim Aufbau einer sicheren Bindung zu ihrem Kind (Kinderwunsch, Schwangerschaft, Geburt, erste Lebensjahre) nach traumatischen Erfahrungen vor-\/w\u00e4hrend-\/nach der Geburt (Tod einer nahestehenden Person, Komplikationen in &hellip; <\/p>\n","protected":false},"author":1,"featured_media":0,"parent":0,"menu_order":0,"comment_status":"closed","ping_status":"closed","template":"","meta":{"footnotes":""},"_links":{"self":[{"href":"https:\/\/wachsenundwerden.com\/index.php\/wp-json\/wp\/v2\/pages\/39"}],"collection":[{"href":"https:\/\/wachsenundwerden.com\/index.php\/wp-json\/wp\/v2\/pages"}],"about":[{"href":"https:\/\/wachsenundwerden.com\/index.php\/wp-json\/wp\/v2\/types\/page"}],"author":[{"embeddable":true,"href":"https:\/\/wachsenundwerden.com\/index.php\/wp-json\/wp\/v2\/users\/1"}],"replies":[{"embeddable":true,"href":"https:\/\/wachsenundwerden.com\/index.php\/wp-json\/wp\/v2\/comments?post=39"}],"version-history":[{"count":6,"href":"https:\/\/wachsenundwerden.com\/index.php\/wp-json\/wp\/v2\/pages\/39\/revisions"}],"predecessor-version":[{"id":194,"href":"https:\/\/wachsenundwerden.com\/index.php\/wp-json\/wp\/v2\/pages\/39\/revisions\/194"}],"wp:attachment":[{"href":"https:\/\/wachsenundwerden.com\/index.php\/wp-json\/wp\/v2\/media?parent=39"}],"curies":[{"name":"wp","href":"https:\/\/api.w.org\/{rel}","templated":true}]}}