{"id":36,"date":"2020-01-12T14:03:09","date_gmt":"2020-01-12T14:03:09","guid":{"rendered":"https:\/\/wachsenundwerden.com\/?page_id=36"},"modified":"2020-01-12T14:39:12","modified_gmt":"2020-01-12T14:39:12","slug":"psychotherapie","status":"publish","type":"page","link":"https:\/\/wachsenundwerden.com\/index.php\/psychotherapie\/","title":{"rendered":"Psychotherapie"},"content":{"rendered":"\n<p>Wir Menschen k\u00f6nnen im Leben in Situationen kommen, in denen wir mit unseren bisherigen Handlungsm\u00f6glichkeiten an Grenzen sto\u00dfen und uns selbst nicht verstehen. Heftige Emotionen, Antriebslosigkeit oder nicht steuerbare Verhaltensweisen f\u00fchren oft zum Punkt: \u201eDa komm ich nicht weiter\u201c.<br>In sicherer Begleitung durch ein stabiles Gegen\u00fcber, das mit all dem, was in uns auftaucht, nicht wertend anwesend bleibt, k\u00f6nnen Verletzungen und Wunden, die sich in k\u00f6rperlichen und psychischen Symptomen zeigen, in die Heilung kommen.<br>Psychotherapie kann bei Verlusten, Depression, k\u00f6rperlichen Erkrankungen, Lebens- und Beziehungskrisen, Konflikten, anstehenden Ver\u00e4nderungen, Entscheidungsfindungen und anderen schwierigen Situationen unterst\u00fctzen.<\/p>\n\n\n\n<h2 class=\"wp-block-heading\">Psychodrama<\/h2>\n\n\n\n<p>Psychodrama ist eine ressourcen- und handlungsorientierte Psychotherapiemethode. Sie bietet neben dem Gespr\u00e4ch \u00fcber angeleitete Handlungen Zug\u00e4nge zu inneren Blockaden, Konflikten, einschr\u00e4nkenden Mustern und Hintergr\u00fcnden zu Symptomen. Handlungskompetenzen und Ressourcen zu st\u00e4rken und zu erweitern stehen im Fokus.<\/p>\n","protected":false},"excerpt":{"rendered":"<p>Wir Menschen k\u00f6nnen im Leben in Situationen kommen, in denen wir mit unseren bisherigen Handlungsm\u00f6glichkeiten an Grenzen sto\u00dfen und uns selbst nicht verstehen. Heftige Emotionen, Antriebslosigkeit oder nicht steuerbare Verhaltensweisen f\u00fchren oft zum Punkt: \u201eDa komm ich nicht weiter\u201c.In sicherer Begleitung durch ein stabiles Gegen\u00fcber, das mit all dem, was in uns auftaucht, nicht wertend &hellip; <\/p>\n","protected":false},"author":1,"featured_media":0,"parent":0,"menu_order":0,"comment_status":"closed","ping_status":"closed","template":"","meta":{"footnotes":""},"_links":{"self":[{"href":"https:\/\/wachsenundwerden.com\/index.php\/wp-json\/wp\/v2\/pages\/36"}],"collection":[{"href":"https:\/\/wachsenundwerden.com\/index.php\/wp-json\/wp\/v2\/pages"}],"about":[{"href":"https:\/\/wachsenundwerden.com\/index.php\/wp-json\/wp\/v2\/types\/page"}],"author":[{"embeddable":true,"href":"https:\/\/wachsenundwerden.com\/index.php\/wp-json\/wp\/v2\/users\/1"}],"replies":[{"embeddable":true,"href":"https:\/\/wachsenundwerden.com\/index.php\/wp-json\/wp\/v2\/comments?post=36"}],"version-history":[{"count":4,"href":"https:\/\/wachsenundwerden.com\/index.php\/wp-json\/wp\/v2\/pages\/36\/revisions"}],"predecessor-version":[{"id":81,"href":"https:\/\/wachsenundwerden.com\/index.php\/wp-json\/wp\/v2\/pages\/36\/revisions\/81"}],"wp:attachment":[{"href":"https:\/\/wachsenundwerden.com\/index.php\/wp-json\/wp\/v2\/media?parent=36"}],"curies":[{"name":"wp","href":"https:\/\/api.w.org\/{rel}","templated":true}]}}