{"id":35,"date":"2020-01-12T14:03:09","date_gmt":"2020-01-12T14:03:09","guid":{"rendered":"https:\/\/wachsenundwerden.com\/?page_id=35"},"modified":"2022-03-29T07:25:34","modified_gmt":"2022-03-29T07:25:34","slug":"kontakt","status":"publish","type":"page","link":"https:\/\/wachsenundwerden.com\/index.php\/kontakt\/","title":{"rendered":"Kontakt"},"content":{"rendered":"\n<p>Kathrin Hild<br>Telefon: +43 670 404 2202<br><a href=\"mailto:praxis@wachsenundwerden.com\">praxis@wachsenundwerden.com<\/a><br>6067 Absam, Oswald von Wolkensteinstra\u00dfe 15<br>6232 M\u00fcnster, Asten 397r<\/p>\n\n\n\n<h2 class=\"wp-block-heading\">Anreise Absam<\/h2>\n\n\n\n<p style=\"text-align: center;\"><iframe loading=\"lazy\" style=\"border: 0;\" src=\"https:\/\/www.google.com\/maps\/embed?pb=!1m18!1m12!1m3!1d2705.714401510141!2d11.508424715247251!3d47.300380517075034!2m3!1f0!2f0!3f0!3m2!1i1024!2i768!4f13.1!3m3!1m2!1s0x479d6f78d75cbfb3%3A0xb02fdd113f738a3b!2sOswald-von-Wolkenstein-Stra%C3%9Fe%2015%2C%206067%20Absam!5e0!3m2!1sde!2sat!4v1578257285108!5m2!1sde!2sat\" allowfullscreen=\"allowfullscreen\" width=\"100%\" height=\"auto\" frameborder=\"0\"><\/iframe><\/p>\n\n\n\n<p>Parkpl\u00e4tze befinden sich bei der Holzh\u00fctte unten an der Rhombergstra\u00dfe.<\/p>\n\n\n\n<h4 class=\"wp-block-heading\">Anreise mit \u00d6ffis<\/h4>\n\n\n\n<p>Von Innsbruck aus kommend Linie 502 oder 503 (Haltestellen: Hauptbahnhof, Boznerplatz, Anichstra\u00dfe\/Rathausgalerien, Terminal\/Markplatz) Haltestelle Melans aussteigen, 100m bergauf und links in die Oswald von Wolkensteinstra\u00dfe abbiegen.<\/p>\n\n\n\n<p> Von Hall aus kommend Linie 501 (Haltestellen: Kurhaus, Patergraben)  aussteigen Absam Kirche, umsteigen in Linie 502, Haltestelle Melans  aussteigen, 100m bergauf und links in die Oswald von Wolkensteinstra\u00dfe  abbiegen. Oder: Linie 501 aussteigen Absam Dorf, ca. 1 km bergauf  (Bachgasse und Rhombergstra\u00dfe entlang) und links in die Oswald von  Wolkensteinstra\u00dfe abbiegen. <\/p>\n\n\n\n<h2 class=\"wp-block-heading\">Anreise M\u00fcnster<\/h2>\n\n\n\n<iframe src=\"https:\/\/www.google.com\/maps\/embed?pb=!1m18!1m12!1m3!1d2699.4330858335725!2d11.83786931547246!3d47.42299797917288!2m3!1f0!2f0!3f0!3m2!1i1024!2i768!4f13.1!3m3!1m2!1s0x4777d459df6d4e65%3A0xf67791b5a12125dd!2sAsten%20397%2C%206232%20M%C3%BCnster!5e0!3m2!1sde!2sat!4v1648537724000!5m2!1sde!2sat\" width=\"100%\" height=\"auto\" style=\"border:0;\" allowfullscreen=\"\" loading=\"lazy\" referrerpolicy=\"no-referrer-when-downgrade\"><\/iframe>\n\n\n\n<p>Parkpl\u00e4tze befinden sich direkt vor dem Haus<\/p>\n","protected":false},"excerpt":{"rendered":"<p>Kathrin HildTelefon: +43 670 404 2202praxis@wachsenundwerden.com6067 Absam, Oswald von Wolkensteinstra\u00dfe 156232 M\u00fcnster, Asten 397r Anreise Absam Parkpl\u00e4tze befinden sich bei der Holzh\u00fctte unten an der Rhombergstra\u00dfe. Anreise mit \u00d6ffis Von Innsbruck aus kommend Linie 502 oder 503 (Haltestellen: Hauptbahnhof, Boznerplatz, Anichstra\u00dfe\/Rathausgalerien, Terminal\/Markplatz) Haltestelle Melans aussteigen, 100m bergauf und links in die Oswald von Wolkensteinstra\u00dfe abbiegen. &hellip; <\/p>\n","protected":false},"author":1,"featured_media":0,"parent":0,"menu_order":0,"comment_status":"closed","ping_status":"closed","template":"","meta":{"footnotes":""},"_links":{"self":[{"href":"https:\/\/wachsenundwerden.com\/index.php\/wp-json\/wp\/v2\/pages\/35"}],"collection":[{"href":"https:\/\/wachsenundwerden.com\/index.php\/wp-json\/wp\/v2\/pages"}],"about":[{"href":"https:\/\/wachsenundwerden.com\/index.php\/wp-json\/wp\/v2\/types\/page"}],"author":[{"embeddable":true,"href":"https:\/\/wachsenundwerden.com\/index.php\/wp-json\/wp\/v2\/users\/1"}],"replies":[{"embeddable":true,"href":"https:\/\/wachsenundwerden.com\/index.php\/wp-json\/wp\/v2\/comments?post=35"}],"version-history":[{"count":9,"href":"https:\/\/wachsenundwerden.com\/index.php\/wp-json\/wp\/v2\/pages\/35\/revisions"}],"predecessor-version":[{"id":270,"href":"https:\/\/wachsenundwerden.com\/index.php\/wp-json\/wp\/v2\/pages\/35\/revisions\/270"}],"wp:attachment":[{"href":"https:\/\/wachsenundwerden.com\/index.php\/wp-json\/wp\/v2\/media?parent=35"}],"curies":[{"name":"wp","href":"https:\/\/api.w.org\/{rel}","templated":true}]}}

<p>Kathrin Hild<br>Telefon: +43 670 404 2202<br><a href="mailto:praxis@wachsenundwerden.com">praxis@wachsenundwerden.com</a><br>6067 Absam, Oswald von Wolkensteinstraße 15<br>6232 Münster, Asten 397r</p>



<h2 class="wp-block-heading">Anreise Absam</h2>



<p style="text-align: center;"><iframe loading="lazy" style="border: 0;" src="https://www.google.com/maps/embed?pb=!1m18!1m12!1m3!1d2705.714401510141!2d11.508424715247251!3d47.300380517075034!2m3!1f0!2f0!3f0!3m2!1i1024!2i768!4f13.1!3m3!1m2!1s0x479d6f78d75cbfb3%3A0xb02fdd113f738a3b!2sOswald-von-Wolkenstein-Stra%C3%9Fe%2015%2C%206067%20Absam!5e0!3m2!1sde!2sat!4v1578257285108!5m2!1sde!2sat" allowfullscreen="allowfullscreen" width="100%" height="auto" frameborder="0"></iframe></p>



<p>Parkplätze befinden sich bei der Holzhütte unten an der Rhombergstraße.</p>



<h4 class="wp-block-heading">Anreise mit Öffis</h4>



<p>Von Innsbruck aus kommend Linie 502 oder 503 (Haltestellen: Hauptbahnhof, Boznerplatz, Anichstraße/Rathausgalerien, Terminal/Markplatz) Haltestelle Melans aussteigen, 100m bergauf und links in die Oswald von Wolkensteinstraße abbiegen.</p>



<p> Von Hall aus kommend Linie 501 (Haltestellen: Kurhaus, Patergraben)  aussteigen Absam Kirche, umsteigen in Linie 502, Haltestelle Melans  aussteigen, 100m bergauf und links in die Oswald von Wolkensteinstraße  abbiegen. Oder: Linie 501 aussteigen Absam Dorf, ca. 1 km bergauf  (Bachgasse und Rhombergstraße entlang) und links in die Oswald von  Wolkensteinstraße abbiegen. </p>



<h2 class="wp-block-heading">Anreise Münster</h2>



<iframe src="https://www.google.com/maps/embed?pb=!1m18!1m12!1m3!1d2699.4330858335725!2d11.83786931547246!3d47.42299797917288!2m3!1f0!2f0!3f0!3m2!1i1024!2i768!4f13.1!3m3!1m2!1s0x4777d459df6d4e65%3A0xf67791b5a12125dd!2sAsten%20397%2C%206232%20M%C3%BCnster!5e0!3m2!1sde!2sat!4v1648537724000!5m2!1sde!2sat" width="100%" height="auto" style="border:0;" allowfullscreen="" loading="lazy" referrerpolicy="no-referrer-when-downgrade"></iframe>



<p>Parkplätze befinden sich direkt vor dem Haus</p>

<p>Kathrin HildTelefon: +43 670 404 2202praxis@wachsenundwerden.com6067 Absam, Oswald von Wolkensteinstraße 156232 Münster, Asten 397r Anreise Absam Parkplätze befinden sich bei der Holzhütte unten an der Rhombergstraße. Anreise mit Öffis Von Innsbruck aus kommend Linie 502 oder 503 (Haltestellen: Hauptbahnhof, Boznerplatz, Anichstraße/Rathausgalerien, Terminal/Markplatz) Haltestelle Melans aussteigen, 100m bergauf und links in die Oswald von Wolkensteinstraße abbiegen. &hellip; </p>
